 be the third derivative of u**6/120 + u**5/6 - u**4/24 - u**3/3 - 6*u**2. Let a be x(-10). Let z(f) = -3*f + 2*f - 6 + a. What is z(4)?
-2
Let f(r) be the third derivative of -r**4/24 - r**3/2 - 2*r**2. Let s(y) = -y**3 + 11*y**2 + 25*y - 270. Let m be s(11). Calculate f(m).
-8
Let g(t) = t**3 + 13*t**2 + 14*t + 14. Let v(u) = 15*u + 347. Let a be v(-23). Let j be ((-6)/7*1)/(a/28). Determine g(j).
-10
Let g(o) = 4*o - 14. Let n be g(-8). Let y = -39 - n. Let j be (-2)/1*(8 - y). Let w(p) = p**3 + p**2 + p. Give w(j).
-6
Let d be -3 + -1 - (33 - -355). Let s = d + 388. Let b(i) = i**2 + 4*i - 4. Give b(s).
-4
Let o(a) = 16*a**3 - 5*a**2 - 5. Let w(v) = -15*v**3 + 6*v**2 + 6. Suppose 0 = 5*c - 6 - 24. Let d(r) = c*o(r) + 5*w(r). Determine d(1).
21
Let t(c) = c - 4. Suppose -6*q + 18*q = 11*q. Suppose q = -54*y + 57*y - 12. Determine t(y).
0
Let l(a) = 3*a**3 + 4*a**2 + 6*a + 2. Let j(y) = -4*y**3 - 4*y**2 - 6*y - 2. Let k(g) = -4*j(g) - 5*l(g). Let u be (-46)/(-6) + 22/66 + -3. What is k(u)?
-7
Let u(y) = -y**2 - 13*y + 1. Let p be u(0). Let k(o) = -31*o - 34*o - 6 + 79*o + 5. Give k(p).
13
Let o(n) = 7 + 16 - 20 - 6*n + 2*n. Let v = -1108 - -1110. Calculate o(v).
-5
Let l(o) = 2*o - 41. Let j(n) = -n**3 - 38*n**2 - 57*n - 730. Let s be j(-37). Calculate l(s).
-21
Let k(s) = -5*s**2 - 10*s + 17. Let n(u) = -21*u**2 - 40*u + 68. Let i(f) = -25*k(f) + 6*n(f). Determine i(11).
-28
Let j = 53 - 51. Suppose 0 = 5*n - n - 16, 3*n = j*c + 58. Let z(x) = x + 25. Let y be z(c). Let w(s) = -5*s**3 + 2*s**2 + s + 2. Give w(y).
-28
Let y(k) be the third derivative of -k**4/24 - 7*k**3/3 - 3*k**2 - 3*k. Let n(s) = -s - 13. Let p(d) = -4*n(d) + 3*y(d). What is p(-10)?
0
Let c(x) = 3*x + 37. Suppose -3*u = p - 3, 3*p - 19 = -4*u - 10. What is c(u)?
37
Let y(t) = -14*t**2 + 7*t - 15. Let q(g) = 11*g**2 - 6*g + 12. Let b(o) = -6*q(o) - 5*y(o). What is b(-1)?
6
Let c(s) be the third derivative of 0*s + 1/60*s**5 - 1/6*s**4 + 0 - 1/2*s**3 - 20*s**2. Suppose 5*d - 30 = -2*w + w, 0 = -4*w + 3*d + 5. What is c(w)?
2
Let t(x) be the second derivative of -4*x**3/3 + x**2 + x + 90. Give t(1).
-6
Let i(a) = 15 - a**2 + 19 + 4 - 58 + 18 - a. Let h = 15 - 8. Suppose h + 1 = -4*v. Determine i(v).
-4
Let t = -743 + 484. Let r = t - -254. Let s(j) = -j**3 - 5*j**2 - j - 2. Give s(r).
3
Let w(i) be the first derivative of i**3/3 - 9*i + 6893. Determine w(-3).
0
Let h(l) = -l**2 - 17*l - 50. Let v be h(-4). Let y(p) = 32*p**3 - 1 + 3*p**v - 13*p**3 - 18*p**3 + p. Give y(-3).
-4
Suppose -6*r = -4*r - 24. Suppose 61*k - 59*k = r. Let p(l) be the second derivative of -l**4/12 + 5*l**3/6 - l**2/2 + l. Give p(k).
-7
Let v = 640 + -642. Let r(q) = -q - 1. Calculate r(v).
1
Let p(v) = -7*v - 1. Let a be (561/(-11) - (-5 + -1)) + -4. Let h be -5*8/(9 + a). Calculate p(h).
-8
Let l(c) = 5*c**2 - c + 1. Let g(y) = y**3 + 21*y**2 + 76*y - 10. Let p be g(-10). Suppose -6*d - p = -318. Calculate l(d).
23
Let f(z) = z + 3. Let b(n) = -n**2 - 24*n + 206. Let s be b(7). Give f(s).
-8
Let t(i) = -1 - i - 5*i**2 + i**2 + 3*i**2. Let h(w) = -5*w**2 - 3*w. Let o(v) = -h(v) + 4*t(v). Suppose 2*c = -3*r, -r - 17 = -3*c + 3*r. Determine o(c).
2
Suppose 26*a - 2837 = -2759. Let m(j) = j**3 - 3*j**2 - 2*j - 5. Determine m(a).
-11
Let p(x) = x**2 - 7*x - 12. Let c be ((-3 - -1) + 3)*9/3. Suppose -2*o - c*y + 21 = 0, -2*o - 2*y + 7*y + 13 = 0. What is p(o)?
6
Let o(q) = -3*q - 12. Let g(d) = -4*d - 10. Let a = -246 - -244. Let h(v) = a*g(v) + 3*o(v). Calculate h(-11).
-5
Let m(y) = 9*y**2 - 5*y + 149. Let b(a) = -24*a**2 + 15*a - 423. Let j(p) = -6*b(p) - 17*m(p). What is j(1)?
-9
Let t = 11275 + -11296. Let m(h) = h**2 + 23*h + 20. What is m(t)?
-22
Let b(s) = 5*s**2 + 28 - s**3 - 20 - 16. Let w be (1/12)/1 - (-329)/84. Calculate b(w).
8
Let u be (1/(-8)*2)/(-3 - 203/(-70)). Let w(i) be the first derivative of -1/3*i**3 + 8*i - u*i**2 + 25. Give w(-6).
2
Let g(i) = -i - 22. Let p(r) = -1114*r + 12234. Let z be p(11). Determine g(z).
-2
Let p(d) = -267*d + 95*d + 87*d - 4 + 87*d. What is p(12)?
20
Let j(u) be the first derivative of u**4/4 + 2*u**3/3 + 2*u**2 + 2*u + 12. Let w(d) = d**3 + 10*d**2 + 19*d + 21. Let n be w(-8). Give j(n).
-19
Let h be (14/(-6))/((-750)/90 - -8). Let b(y) = -y**3 + 6*y**2 + 8*y - 14. Give b(h).
-7
Let u(y) = 332700*y**2 + 33*y - 166350*y**2 - 166349*y**2 + 61. Give u(-2).
-1
Suppose 0 = -3*k + 4*u - 22 + 62, 59 = 5*k + u. Let l be 4*(-76)/32*-2. Let c(p) = -l*p**3 + 23*p**3 - 2*p - 3*p**3 - 12*p**2 + 17. Determine c(k).
-7
Let s(z) = -z**3 + 6*z**2 - 6*z + 4. Let k be ((-3)/(-2))/((3/60)/(8/48)). What is s(k)?
-1
Let p be (-3)/(-5)*(1 + 9)*-1. Let t(b) be the third derivative of -b**4/12 - 8*b**3/3 + 2*b**2. Let d be t(p). Let v(z) = -z**2 - 2*z - 2. Calculate v(d).
-10
Let h(r) be the third derivative of 13*r**4/24 + 17*r**3/6 - 1285*r**2. Give h(-5).
-48
Suppose 9 + 1 = -5*t. Let i(r) = -r**3 + 12*r**2 - 4*r - 8. Let l(f) = 3*f**2 - f - 2. Let m(y) = 2*i(y) - 9*l(y). Calculate m(t).
4
Let r(p) = 34*p - 12*p - 7*p - 14*p + 3 - 7 - 2*p. Let f be -1*3*(-2)/(-2). Let u(v) = v**3 + v**2 - 4*v - 2. Let w be u(f). Give r(w).
4
Let c(b) = -347*b + 2080. Let k be c(6). Let q(o) = 5*o - 4. Calculate q(k).
-14
Let z(h) = 10 - 3*h - h**2 + h + 1 - 4. Let k(l) = -l**3 + 33*l**2 - 2*l + 62. Let y be k(33). What is z(y)?
-1
Let g(i) = -13*i**3 - 15*i**3 + 109*i + 12*i**2 - 95*i - 16 + 38*i**3 - 11*i**3. Give g(13).
-3
Let a(r) = -r**2 - 381*r + 3 + 9 + 371*r. Calculate a(-11).
1
Let v(m) = 55 - 5*m + 6*m - 53. Let r(d) = -d + 1. Let j(g) = -r(g) + v(g). Determine j(-1).
-1
Let z(n) = n**2 - 18*n + 19. Let f(k) be the second derivative of -5*k**3/2 + 46*k**2 - 115*k. Let w be f(5). Determine z(w).
2
Let h be ((-7)/(-4))/(-6*(-4)/(-96)). Let o(z) = 2*z**2 + 3*z - 4*z**2 + 3*z**2 - 7. What is o(h)?
21
Suppose 202*v = 186*v - 48. Let l(n) = 2*n - 12. Suppose 0 = -5*t + 11 - 31. Let b(z) = -z + 11. Let x(s) = t*b(s) + v*l(s). Give x(-6).
4
Let p(a) be the second derivative of -5*a**3/6 - 20*a**2 + 1557*a + 1. Determine p(0).
-40
Suppose 16*s - 129 = 63. Suppose -4*t - 20 = -s. Let r(z) = -z**3 - 3*z**2 + 3*z + 4. Give r(t).
-6
Suppose -7*s - 31 = -10*s + 4*q, 3*q = 4*s - 32. Let x(p) = -73*p + 35*p + 4 + 39*p. Determine x(s).
9
Let f(o) be the first derivative of 1/2*o**2 + 1/6*o**3 - 1/60*o**5 + 7/24*o**4 + 0*o - 4. Let l(v) be the second derivative of f(v). What is l(3)?
13
Let w(c) = -c**3 + 8*c**2 + 17*c + 20. Let u be w(10). Let k(n) = -2*n**3 - 21*n**2 - 15*n - 35. Calculate k(u).
15
Let t(i) = -5*i**2 + 4*i - 10. Let w(n) = -4*n**2 + 5*n - 9. Let o(a) = 3*t(a) - 4*w(a). Let p(m) = m**2 - 7*m + 18. Let s be p(5). What is o(s)?
6
Suppose -5*l + 34 - 14 = 0. Let u(i) = -7*i**3 + 11*i**2 + 15*i - 15. Let g(o) = 10*o**3 - 16*o**2 - 22*o + 22. Let b(p) = 5*g(p) + 7*u(p). Give b(l).
1
Let x(i) = i + 2. Let c(g) = 5*g + 38. Let w(m) = c(m) - 6*x(m). Give w(16).
10
Let j(p) = -p + 39. Let x(z) = -z**2 - 10*z - 12. Let c be x(-2). Give j(c).
35
Let u(v) be the first derivative of 2*v**3/3 - 9*v**2/2 + 6*v + 2976. Give u(9).
87
Suppose 0 = s + 3*s - 16. Let z(y) be the third derivative of y**8/20160 - y**6/180 + 4*y**5/15 - 9*y**2. Let u(r) be the third derivative of z(r). Give u(s).
12
Let p(o) = -5*o + 0*o**2 + 4*o**2 + 3*o + 3*o. Let r = -18528 + 18530. Give p(r).
18
Suppose -3*l - 2*l = -20, 2*r + 2*l - 10 = 0. Let j(o) = -o**2 + 2*o. Let s(c) = -5*c**2 + 3*c - 4. Let w(g) = r*s(g) - 6*j(g). Calculate w(8).
-12
Let l(h) = 2*h**2 - 17*h - 165. Let f be l(-6). Let j(k) be the second derivative of 4*k - 1/12*k**4 + 0 - 9/2*k**2 + 5/3*k**3. Determine j(f).
0
Let x(b) be the first derivative of b**2/2 + b + 14. Let h(k) = 2*k - 7. Let f be h(4). Let w(j) = -j + 2. Let n(d) = f*w(d) - 2*x(d). Determine n(3).
-9
Suppose -t = -0*t. Let g(z) = -1. Let x(s) be the third derivative of -s**4/24 + s**3/3 - 3*s**2 + 3. Let y(o) = -5*g(o) + x(o). What is y(t)?
7
Let d(p) = -7*p + 124. Suppose -32*s + 10*s + 374 = 0. Give d(s).
5
Let j(o) be the first derivative of -o**3/3 + 5*o**2/2 + 7*o + 3. Let y be (50/825 - (-796)/(-66))*1/(-2). What is j(y)?
1
Suppose 0 = 2*t - f - 8, -3*t = 3*f - 9 + 15. Suppose t*c = -5*x + 9 - 12, 4*x = -3*c - 1. Let b(v) = 15*v. What is b(c)?
15
Let v be (-2790)/80 + 3/(-24